ue
Does 129 divide 10003692?
True
Is 51 a factor of 58599?
True
Does 18 divide 42876?
True
Is 20 a factor of 927113?
False
Is 3503280 a multiple of 172?
False
Does 54 divide 305532?
True
Does 19 divide 47766?
True
Is 539056 a multiple of 14?
True
Is 3527416 a multiple of 11?
False
Is 37260 a multiple of 46?
True
Is 211 a factor of 3412472?
False
Is 148 a factor of 1111924?
True
Is 35 a factor of 1355480?
True
Is 116397 a multiple of 18?
False
Is 40 a factor of 113040?
True
Is 24488 a multiple of 106?
False
Is 1008 a factor of 715206?
False
Does 30 divide 288900?
True
Is 8 a factor of 4465625?
False
Is 165 a factor of 511189?
False
Is 922777 a multiple of 10?
False
Is 139447 a multiple of 11?
True
Is 12711 a multiple of 223?
True
Is 19 a factor of 1441777?
True
Does 53 divide 216424?
False
Does 95 divide 2488620?
True
Is 1180 a factor of 8852360?
True
Is 23 a factor of 220133?
True
Is 9521147 a multiple of 7?
False
Is 9 a factor of 1397276?
False
Is 39160 a multiple of 40?
True
Is 4164192 a multiple of 456?
True
Is 92 a factor of 392047?
False
Does 79 divide 8010163?
False
Is 256473 a multiple of 177?
True
Is 1736697 a multiple of 339?
True
Is 5 a factor of 128651?
False
Is 100495 a multiple of 5?
True
Is 136366 a multiple of 12?
False
Is 46460 even?
True
Is 880 a factor of 9170660?
False
Is 1486620 a multiple of 45?
True
Is 2 a factor of 9898?
True
Is 1028164 a multiple of 61?
False
Is 432902 a multiple of 97?
False
Is 2730330 a multiple of 138?
True
Is 9 a factor of 2088549?
True
Is 11673942 a multiple of 128?
False
Is 16474 a multiple of 57?
False
Does 82 divide 867806?
True
Is 892060 a multiple of 470?
True
Is 2493554 a multiple of 164?
False
Is 1763834 a multiple of 30?
False
Does 138 divide 10463560?
False
Is 3443110 a multiple of 5?
True
Is 19 a factor of 285576?
False
Is 484541 a multiple of 23?
True
Is 203617 a multiple of 66?
False
Is 147 a factor of 354456?
False
Is 70 a factor of 1635044?
False
Is 5188545 a multiple of 19?
False
Is 1025 a factor of 1056147?
False
Does 47 divide 48645?
True
Is 567463 a multiple of 32?
False
Does 18 divide 456138?
True
Is 2861057 a multiple of 491?
True
Is 254212 a multiple of 22?
False
Is 599 a factor of 63180?
False
Is 4 a factor of 85120?
True
Is 655 a multiple of 5?
True
Does 14 divide 3731112?
True
Is 30 a factor of 580560?
True
Is 316428 a multiple of 534?
False
Is 358926 a multiple of 71?
False
Is 261782 a multiple of 166?
True
Does 467 divide 950951?
False
Is 141 a factor of 12972?
True
Is 938374 a multiple of 130?
False
Does 249 divide 2465349?
True
Is 112 a factor of 593936?
True
Is 113 a factor of 2051290?
False
Is 291 a factor of 396933?
False
Does 16 divide 210136?
False
Does 37 divide 116063?
False
Is 11 a factor of 519663?
False
Is 1972 a factor of 11159548?
True
Is 400 a factor of 615600?
True
Does 86 divide 1367351?
False
Is 164 a factor of 2213508?
True
Is 776 a factor of 2721953?
False
Is 659 a factor of 899279?
False
Does 18 divide 514722?
False
Does 1297 divide 513612?
True
Does 22 divide 3473470?
True
Is 28 a factor of 4217556?
True
Does 198 divide 100782?
True
Is 29 a factor of 1230523?
False
Is 78288 a multiple of 78?
False
Is 3589 even?
False
Is 20440113 a multiple of 423?
False
Is 444046 a multiple of 2?
True
Is 601296 a multiple of 406?
False
Does 14 divide 77672?
True
Does 34 divide 790398?
True
Is 60075 a multiple of 5?
True
Does 72 divide 512640?
True
Is 6978571 a multiple of 144?
False
Is 199394 a multiple of 237?
False
Does 17 divide 680?
True
Does 50 divide 5175000?
True
Is 86852 a multiple of 4?
True
Is 196202 a multiple of 9?
False
Does 29 divide 26709?
True
Is 472 a factor of 486160?
True
Is 1712835 a multiple of 255?
True
Does 8 divide 9672?
True
Is 3 a factor of 190638?
True
Is 33973 a multiple of 16?
False
Does 110 divide 111469?
False
Does 43 divide 468492?
False
Is 1058 a factor of 6125820?
True
Is 21 a factor of 44102?
False
Is 214928 a multiple of 16?
True
Is 3330422 a multiple of 24?
False
Is 23 a factor of 75555?
True
Does 14 divide 486430?
True
Is 3 a factor of 17363?
False
Does 26 divide 9646?
True
Is 5203662 a multiple of 97?
True
Is 16 a factor of 170842?
False
Is 4843579 a multiple of 15?
False
Is 615820 a multiple of 82?
True
Does 24 divide 171168?
True
Is 2650098 a multiple of 22?
True
Is 34 a factor of 146817?
False
Is 103 a factor of 250217?
False
Is 218456 a multiple of 56?
True
Does 18 divide 1683234?
True
Is 2023069 a multiple of 409?
False
Is 1973 a factor of 13726089?
False
Is 190 a factor of 963499?
False
Does 38 divide 2100438?
False
Is 6 a factor of 337497?
False
Does 395 divide 120870?
True
Does 14 divide 233282?
True
Is 574758 a multiple of 111?
True
Is 300 a factor of 1004102?
False
Is 21707468 a multiple of 575?
False
Is 29 a factor of 98455?
True
Is 13 a factor of 910247?
True
Is 9 a factor of 62820?
True
Does 18 divide 1166512?
False
Is 4 a factor of 595706?
False
Does 13 divide 505379?
False
Is 2928105 a multiple of 15?
True
Is 66020 a multiple of 264?
False
Does 7 divide 3257075?
False
Is 709 a factor of 816380?
False
Is 596622 a multiple of 30?
False
Is 155498 a multiple of 383?
True
Does 390 divide 130778?
False
Is 15608958 a multiple of 822?
True
Is 4 a factor of 439031?
False
Is 96 a factor of 242813?
False
Does 665 divide 3512530?
True
Is 1708008 a multiple of 18?
False
Does 23 divide 715618?
False
Does 14 divide 2073470?
True
Does 4 divide 70701?
False
Does 490 divide 5549740?
True
Does 87 divide 5586986?
False
Is 105 a factor of 35175?
True
Does 561 divide 415532?
False
Is 31248 a multiple of 12?
True
Is 1435 a factor of 7559580?
True
Is 202437 a multiple of 34?
False
Is 9 a factor of 256569?
False
Does 11 divide 6499207?
True
Does 234 divide 7029594?
True
Is 153 a factor of 1701972?
True
Is 35445140 a multiple of 10?
True
Does 31 divide 847502?
False
Is 6165934 a multiple of 1201?
True
Is 402192 a multiple of 54?
True
Does 34 divide 7101183?
False
Does 905 divide 12631085?
True
Does 169 divide 10206379?
False
Is 6237072 a multiple of 72?
True
Is 59 a factor of 4556503?
False
Is 158 a factor of 25917?
False
Does 62 divide 362227?
False
Is 1290778 a multiple of 517?
False
Is 67 a factor of 94872?
True
Does 31 divide 10959337?
True
Does 10 divide 582441?
False
Is 17 a factor of 1418514?
True
Does 1000 divide 7682000?
True
Is 5358992 a multiple of 614?
True
Is 3677427 a multiple of 351?
True
Does 61 divide 6133062?
True
Is 14 a factor of 13139112?
True
Is 339180 a multiple of 10?
True
Is 44019 a multiple of 153?
False
Is 93516 a multiple of 6?
True
Is 76 a factor of 563768?
True
Is 53 a factor of 15476?
True
Is 912640 a multiple of 460?
True
Does 408 divide 770304?
True
Is 113 a factor of 1834462?
False
Does 81 divide 279369?
True
Is 4 a factor of 1045497?
False
Is 7 a factor of 3168?
False
Is 184 a factor of 453664?
False
Does 315 divide 1245582?
False
Is 73990 a multiple of 20?
False
Does 533 divide 273643?
False
Does 10 divide 34093?
False
Is 30 a factor of 171583?
False
Is 102589 a multiple of 173?
True
Does 34 divide 13940?
True
Does 7 divide 346335?
False
Is 2149160 a multiple of 160?
False
Is 3349000 a multiple of 8?
True
Does 50 divide 4169572?
False
Does 121 divide 89661?
True
Is 19 a factor of 2826667?
False
Is 119 a factor of 552874?
True
Is 692730 a multiple of 90?
True
Does 233 divide 15180416?
True
Is 430138 a multiple of 245?
False
Is 23 a factor of 30196?
False
Is 450547 a multiple of 6?
False
Does 158 divide 14379264?
True
Is 42627 a multiple of 13?
True
Does 1407 divide 484008?
True
Is 30 a factor of 29010?
True
Does 315 divide 238861?
False
Is 395374 a multiple of 14?
True
Does 286 divide 4568265?
False
Is 22686 a multiple of 10?
False
Is 127500 a multiple of 75?
True
Does 56 divide 10059448?
True
Is 537 a factor of 10594473?
True
Does 35 divide 4367668?
False
Is 4100 a multiple of 3?
False
Is 649 a factor of 1221418?
True
Is 14110 a multiple of 415?
True
Does 120 divide 13944806?
False
Is 123 a factor of 39975?
True
Does 27 divide 612302?
False
Is 46 a factor of 3385738?
True
Is 386524 a multiple of 15?
False
Is 3155611 a multiple of 222?
False
Is 86 a factor of 2610259?
False
Is 1318250 a multiple of 250?
True
Is 166 a factor of 42121?
False
Is 2 a factor of 164795?
False
Is 3247650 a multiple of 15?
Tr